{"id":258,"date":"2014-03-23T11:06:22","date_gmt":"2014-03-23T19:06:22","guid":{"rendered":"http:\/\/www.lucie-lom.fr\/?page_id=258"},"modified":"2017-10-20T12:11:45","modified_gmt":"2017-10-20T10:11:45","slug":"opera-bulles","status":"publish","type":"page","link":"http:\/\/www.lucie-lom.fr\/site\/scenographies\/opera-bulles\/","title":{"rendered":"Op\u00e9ra Bulles"},"content":{"rendered":"<p>&nbsp;<\/p>\n<p>&nbsp;<\/p>\n<p>&nbsp;<\/p>\n<p>&nbsp;<\/p>\n<p style=\"text-align: left;\">\n<p style=\"text-align: left;\"><strong>OP\u00c9RA BULLES\u00a0\u00a0\u00a0Goscinny, profession humoriste et Les Fran\u00e7ais en vacances\u00a0<\/strong>\u00a0\u00a0La Grande Halle de la Villette, Paris &#8211; 1991<\/p>\n<p style=\"text-align: left;\">Op\u00e9ra Bulles d\u00e9butait par l\u2019exposition Ren\u00e9 Goscinny : le grenier -bureau d\u00e9bouchait sur une jet\u00e9e qui rejoignait une dune de sable. Au d\u00e9tour de cette dune, le visiteur d\u00e9couvrait, coinc\u00e9 entre une rocade et un bunker tout proches, le camping des flots bleus. C\u2019\u00e9tait l\u2019\u00e9t\u00e9, un \u00e9t\u00e9 pourri, une nuit du 14 juillet, les personnages de Reiser, Cabu, Vuillemin, Binet, hantaient les caravanes, les tentes, les sanitaires&#8230;On allait \u00e0 leur rencontre en visitant tous ces lieux de vacances.<\/p>\n<p style=\"text-align: left;\"><img loading=\"lazy\" decoding=\"async\" class=\"alignnone size-full wp-image-2320\" src=\"http:\/\/www.lucie-lom.fr\/site\/wp-content\/uploads\/2017\/10\/Lucie-lom-Ope\u0301ra-bulles-1.jpg\" alt=\"Lucie lom Ope\u0301ra bulles 1\" width=\"900\" height=\"692\" srcset=\"http:\/\/www.lucie-lom.fr\/site\/wp-content\/uploads\/2017\/10\/Lucie-lom-Ope\u0301ra-bulles-1.jpg 900w, http:\/\/www.lucie-lom.fr\/site\/wp-content\/uploads\/2017\/10\/Lucie-lom-Ope\u0301ra-bulles-1-300x231.jpg 300w, http:\/\/www.lucie-lom.fr\/site\/wp-content\/uploads\/2017\/10\/Lucie-lom-Ope\u0301ra-bulles-1-768x591.jpg 768w, http:\/\/www.lucie-lom.fr\/site\/wp-content\/uploads\/2017\/10\/Lucie-lom-Ope\u0301ra-bulles-1-390x300.jpg 390w\" sizes=\"auto, (max-width: 900px) 100vw, 900px\" \/> <img loading=\"lazy\" decoding=\"async\" class=\"alignnone size-full wp-image-2321\" src=\"http:\/\/www.lucie-lom.fr\/site\/wp-content\/uploads\/2017\/10\/Lucie-lom-Ope\u0301ra-bulles-2.jpg\" alt=\"Lucie lom Ope\u0301ra bulles 2\" width=\"900\" height=\"675\" srcset=\"http:\/\/www.lucie-lom.fr\/site\/wp-content\/uploads\/2017\/10\/Lucie-lom-Ope\u0301ra-bulles-2.jpg 900w, http:\/\/www.lucie-lom.fr\/site\/wp-content\/uploads\/2017\/10\/Lucie-lom-Ope\u0301ra-bulles-2-300x225.jpg 300w, http:\/\/www.lucie-lom.fr\/site\/wp-content\/uploads\/2017\/10\/Lucie-lom-Ope\u0301ra-bulles-2-768x576.jpg 768w, http:\/\/www.lucie-lom.fr\/site\/wp-content\/uploads\/2017\/10\/Lucie-lom-Ope\u0301ra-bulles-2-400x300.jpg 400w\" sizes=\"auto, (max-width: 900px) 100vw, 900px\" \/> <img loading=\"lazy\" decoding=\"async\" class=\"alignnone size-full wp-image-2322\" src=\"http:\/\/www.lucie-lom.fr\/site\/wp-content\/uploads\/2017\/10\/Lucie-lom-Ope\u0301ra-bulles-3.jpg\" alt=\"Lucie lom Ope\u0301ra bulles 3\" width=\"900\" height=\"670\" srcset=\"http:\/\/www.lucie-lom.fr\/site\/wp-content\/uploads\/2017\/10\/Lucie-lom-Ope\u0301ra-bulles-3.jpg 900w, http:\/\/www.lucie-lom.fr\/site\/wp-content\/uploads\/2017\/10\/Lucie-lom-Ope\u0301ra-bulles-3-300x223.jpg 300w, http:\/\/www.lucie-lom.fr\/site\/wp-content\/uploads\/2017\/10\/Lucie-lom-Ope\u0301ra-bulles-3-768x572.jpg 768w, http:\/\/www.lucie-lom.fr\/site\/wp-content\/uploads\/2017\/10\/Lucie-lom-Ope\u0301ra-bulles-3-403x300.jpg 403w\" sizes=\"auto, (max-width: 900px) 100vw, 900px\" \/><\/p>\n<p style=\"text-align: left;\"><em><span style=\"color: #888888;\">Photographies : Jef Rabillon<\/span><\/em><\/p>\n<p><span style=\"border-radius: 2px; text-indent: 20px; width: auto; padding: 0px 4px 0px 0px; text-align: center; font: bold 11px\/20px 'Helvetica Neue',Helvetica,sans-serif; color: #ffffff; background: #bd081c  no-repeat scroll 3px 50% \/ 14px 14px; position: absolute; opacity: 1; z-index: 8675309; display: none; cursor: pointer;\">Enregistrer<\/span><\/p>\n","protected":false},"excerpt":{"rendered":"<p>&nbsp; &nbsp; &nbsp; &nbsp; OP\u00c9RA BULLES\u00a0\u00a0\u00a0Goscinny, profession humoriste et Les Fran\u00e7ais en vacances\u00a0\u00a0\u00a0La Grande Halle de la Villette, Paris &#8211; 1991 Op\u00e9ra Bulles d\u00e9butait par l\u2019exposition Ren\u00e9 Goscinny : le grenier -bureau d\u00e9bouchait sur une jet\u00e9e qui rejoignait une dune &hellip; <a href=\"http:\/\/www.lucie-lom.fr\/site\/scenographies\/opera-bulles\/\">Lire la suite <span class=\"meta-nav\">&rarr;<\/span><\/a><\/p>\n","protected":false},"author":1,"featured_media":0,"parent":9,"menu_order":12,"comment_status":"closed","ping_status":"open","template":"","meta":{"footnotes":""},"class_list":["post-258","page","type-page","status-publish","hentry"],"_links":{"self":[{"href":"http:\/\/www.lucie-lom.fr\/site\/wp-json\/wp\/v2\/pages\/258","targetHints":{"allow":["GET"]}}],"collection":[{"href":"http:\/\/www.lucie-lom.fr\/site\/wp-json\/wp\/v2\/pages"}],"about":[{"href":"http:\/\/www.lucie-lom.fr\/site\/wp-json\/wp\/v2\/types\/page"}],"author":[{"embeddable":true,"href":"http:\/\/www.lucie-lom.fr\/site\/wp-json\/wp\/v2\/users\/1"}],"replies":[{"embeddable":true,"href":"http:\/\/www.lucie-lom.fr\/site\/wp-json\/wp\/v2\/comments?post=258"}],"version-history":[{"count":9,"href":"http:\/\/www.lucie-lom.fr\/site\/wp-json\/wp\/v2\/pages\/258\/revisions"}],"predecessor-version":[{"id":2324,"href":"http:\/\/www.lucie-lom.fr\/site\/wp-json\/wp\/v2\/pages\/258\/revisions\/2324"}],"up":[{"embeddable":true,"href":"http:\/\/www.lucie-lom.fr\/site\/wp-json\/wp\/v2\/pages\/9"}],"wp:attachment":[{"href":"http:\/\/www.lucie-lom.fr\/site\/wp-json\/wp\/v2\/media?parent=258"}],"curies":[{"name":"wp","href":"https:\/\/api.w.org\/{rel}","templated":true}]}}