{"id":254,"date":"2014-03-23T11:04:29","date_gmt":"2014-03-23T19:04:29","guid":{"rendered":"http:\/\/www.lucie-lom.fr\/?page_id=254"},"modified":"2017-10-20T12:03:01","modified_gmt":"2017-10-20T10:03:01","slug":"intolerance","status":"publish","type":"page","link":"http:\/\/www.lucie-lom.fr\/site\/scenographies\/intolerance\/","title":{"rendered":"Intol\u00e9rance"},"content":{"rendered":"<p>&nbsp;<\/p>\n<p>&nbsp;<\/p>\n<p>&nbsp;<\/p>\n<p>&nbsp;<\/p>\n<p style=\"text-align: left;\">\n<p style=\"text-align: left;\"><strong>INTOL\u00c9RANCE\u00a0\u00a0\u00a0130 affiches internationales pour la Bosnie Herz\u00e9govine multiculturelle et multi ethnique (autoproduction)<\/strong>\u00a0\u00a0\u00a0Biblioth\u00e8que de Sarajevo &#8211; 1996<\/p>\n<p style=\"text-align: left;\">Dans les ruines de la biblioth\u00e8que nationale de Sarajevo, d\u00e9vast\u00e9e en ao\u00fbt 1992, par les bombes incendiaires des nationalistes serbes, r\u00e9duisant en cendres la quasi-totalit\u00e9 du fonds des 1,5 million de volumes, nous avons pr\u00e9sent\u00e9 130 affiches internationales en soutien \u00e0 la Bosnie-Herz\u00e9govine multiculturelle et multi ethnique.<\/p>\n<p style=\"text-align: left;\"><img loading=\"lazy\" decoding=\"async\" class=\"alignnone size-full wp-image-2316\" src=\"http:\/\/www.lucie-lom.fr\/site\/wp-content\/uploads\/2017\/10\/Lucie-lom-sarajevo.jpg\" alt=\"Lucie lom sarajevo\" width=\"900\" height=\"1337\" srcset=\"http:\/\/www.lucie-lom.fr\/site\/wp-content\/uploads\/2017\/10\/Lucie-lom-sarajevo.jpg 900w, http:\/\/www.lucie-lom.fr\/site\/wp-content\/uploads\/2017\/10\/Lucie-lom-sarajevo-202x300.jpg 202w, http:\/\/www.lucie-lom.fr\/site\/wp-content\/uploads\/2017\/10\/Lucie-lom-sarajevo-768x1141.jpg 768w, http:\/\/www.lucie-lom.fr\/site\/wp-content\/uploads\/2017\/10\/Lucie-lom-sarajevo-689x1024.jpg 689w\" sizes=\"auto, (max-width: 900px) 100vw, 900px\" \/><\/p>\n<p style=\"text-align: left;\">\u00a0<span style=\"color: #999999;\"><em>Photographies : Pierrick Colas<\/em><\/span><\/p>\n<p><span style=\"border-radius: 2px; text-indent: 20px; width: auto; padding: 0px 4px 0px 0px; text-align: center; font: bold 11px\/20px 'Helvetica Neue',Helvetica,sans-serif; color: #ffffff; background: #bd081c  no-repeat scroll 3px 50% \/ 14px 14px; position: absolute; opacity: 1; z-index: 8675309; display: none; cursor: pointer; top: 41px; left: 20px;\">Enregistrer<\/span><\/p>\n","protected":false},"excerpt":{"rendered":"<p>&nbsp; &nbsp; &nbsp; &nbsp; INTOL\u00c9RANCE\u00a0\u00a0\u00a0130 affiches internationales pour la Bosnie Herz\u00e9govine multiculturelle et multi ethnique (autoproduction)\u00a0\u00a0\u00a0Biblioth\u00e8que de Sarajevo &#8211; 1996 Dans les ruines de la biblioth\u00e8que nationale de Sarajevo, d\u00e9vast\u00e9e en ao\u00fbt 1992, par les bombes incendiaires des nationalistes serbes, &hellip; <a href=\"http:\/\/www.lucie-lom.fr\/site\/scenographies\/intolerance\/\">Lire la suite <span class=\"meta-nav\">&rarr;<\/span><\/a><\/p>\n","protected":false},"author":1,"featured_media":0,"parent":9,"menu_order":10,"comment_status":"closed","ping_status":"open","template":"","meta":{"footnotes":""},"class_list":["post-254","page","type-page","status-publish","hentry"],"_links":{"self":[{"href":"http:\/\/www.lucie-lom.fr\/site\/wp-json\/wp\/v2\/pages\/254","targetHints":{"allow":["GET"]}}],"collection":[{"href":"http:\/\/www.lucie-lom.fr\/site\/wp-json\/wp\/v2\/pages"}],"about":[{"href":"http:\/\/www.lucie-lom.fr\/site\/wp-json\/wp\/v2\/types\/page"}],"author":[{"embeddable":true,"href":"http:\/\/www.lucie-lom.fr\/site\/wp-json\/wp\/v2\/users\/1"}],"replies":[{"embeddable":true,"href":"http:\/\/www.lucie-lom.fr\/site\/wp-json\/wp\/v2\/comments?post=254"}],"version-history":[{"count":8,"href":"http:\/\/www.lucie-lom.fr\/site\/wp-json\/wp\/v2\/pages\/254\/revisions"}],"predecessor-version":[{"id":2317,"href":"http:\/\/www.lucie-lom.fr\/site\/wp-json\/wp\/v2\/pages\/254\/revisions\/2317"}],"up":[{"embeddable":true,"href":"http:\/\/www.lucie-lom.fr\/site\/wp-json\/wp\/v2\/pages\/9"}],"wp:attachment":[{"href":"http:\/\/www.lucie-lom.fr\/site\/wp-json\/wp\/v2\/media?parent=254"}],"curies":[{"name":"wp","href":"https:\/\/api.w.org\/{rel}","templated":true}]}}