{"id":2485,"date":"2021-05-25T11:26:20","date_gmt":"2021-05-25T09:26:20","guid":{"rendered":"http:\/\/www.lucie-lom.fr\/site\/?page_id=2485"},"modified":"2021-05-25T11:30:40","modified_gmt":"2021-05-25T09:30:40","slug":"no-limit-2","status":"publish","type":"page","link":"http:\/\/www.lucie-lom.fr\/site\/no-limit-2\/","title":{"rendered":"No limit"},"content":{"rendered":"<h2><span style=\"color: #ffffff;\">.<\/span><\/h2>\n<h2><span style=\"color: #ffffff;\">.<\/span><\/h2>\n<h2><span style=\"color: #ffffff;\">.<\/span><\/h2>\n<h2><span style=\"color: #ffffff;\">.<\/span><\/h2>\n<h2><span style=\"color: #ffffff;\">.<\/span><\/h2>\n<h2><span style=\"color: #ffffff;\">.<\/span><\/h2>\n<p><strong>NO LIMIT<\/strong> &#8211; Festival <em>\u00ab BD \u00e0 Bastia \u00bb<\/em> &#8211; avril 2014<\/p>\n<p>Exit la page, la case, l\u2019id\u00e9e m\u00eame de volume, d\u2019\u00e9paisseur d\u2019un livre, d\u2019un album dont on touche le papier et dont on appr\u00e9cie, \u00e0 l\u2019odeur, le mill\u00e9sime de l\u2019encrage. Dans la bande dessin\u00e9e num\u00e9rique, le r\u00e9cit, les dessins et les textes qui le servent, gravitent dans un nouvel espace que quelques pionniers ont commenc\u00e9 \u00e0 d\u00e9fricher. Cet espace du r\u00e9cit se lit sur des \u00e9crans de tablette, ou de smartphone sans qu\u2019on puisse savoir \u00e0 l\u2019avance ni la dur\u00e9e, ni le mode de lecture. On pourra zoomer, on pourra aller d\u00e9nicher une suite dans<br \/>\nles abysses de l\u2019\u00e9cran, l\u2019axe Z de la profondeur, on pourra d\u00e9clencher des sons, des musiques, des couleurs.<br \/>\nS\u2019inspirant de tout cela, le dispositif sc\u00e9nographique propose la visite d\u2019un espace noir aux limites effac\u00e9es, et aux murs duquel des cadres-cases sont accroch\u00e9s. Des images d\u2019yeux paraissent jouer \u00e0 cache-cache avec ces cases. Au fond de cet espace un recoin semble aspirer \u00e0 la mani\u00e8re d\u2019un trou noir les cases blanches. Elles se disloquent, s\u2019\u00e9parpillent dans l\u2019espace, ne sont plus que lignes qui s\u2019\u00e9chappent pour finalement toutes sombrer dans cet angle obscur. Les yeux, eux, paraissent voltiger dans l\u2019espace comme ivres de libert\u00e9.<\/p>\n<p>&nbsp;<\/p>\n<p><a href=\"http:\/\/www.lucie-lom.fr\/site\/wp-content\/uploads\/2014\/07\/lucie-lom-nolimite2.jpg\"><img loading=\"lazy\" decoding=\"async\" src=\"http:\/\/www.lucie-lom.fr\/site\/wp-content\/uploads\/2014\/07\/lucie-lom-nolimite2.jpg\" alt=\"lucie-lom-nolimite2\" width=\"850\" height=\"431\" \/><\/a> <a href=\"http:\/\/www.lucie-lom.fr\/site\/wp-content\/uploads\/2014\/07\/lucie-lom-nolimite1.jpg\"><img loading=\"lazy\" decoding=\"async\" src=\"http:\/\/www.lucie-lom.fr\/site\/wp-content\/uploads\/2014\/07\/lucie-lom-nolimite1.jpg\" alt=\"lucie-lom-nolimite1\" width=\"850\" height=\"479\" \/><\/a><\/p>\n<p><em> Photographies : Lucie Lom<\/em><\/p>\n","protected":false},"excerpt":{"rendered":"<p>. . . . . . NO LIMIT &#8211; Festival \u00ab BD \u00e0 Bastia \u00bb &#8211; avril 2014 Exit la page, la case, l\u2019id\u00e9e m\u00eame de volume, d\u2019\u00e9paisseur d\u2019un livre, d\u2019un album dont on touche le papier et dont on &hellip; <a href=\"http:\/\/www.lucie-lom.fr\/site\/no-limit-2\/\">Lire la suite <span class=\"meta-nav\">&rarr;<\/span><\/a><\/p>\n","protected":false},"author":1,"featured_media":0,"parent":0,"menu_order":0,"comment_status":"closed","ping_status":"closed","template":"","meta":{"footnotes":""},"class_list":["post-2485","page","type-page","status-publish","hentry"],"_links":{"self":[{"href":"http:\/\/www.lucie-lom.fr\/site\/wp-json\/wp\/v2\/pages\/2485","targetHints":{"allow":["GET"]}}],"collection":[{"href":"http:\/\/www.lucie-lom.fr\/site\/wp-json\/wp\/v2\/pages"}],"about":[{"href":"http:\/\/www.lucie-lom.fr\/site\/wp-json\/wp\/v2\/types\/page"}],"author":[{"embeddable":true,"href":"http:\/\/www.lucie-lom.fr\/site\/wp-json\/wp\/v2\/users\/1"}],"replies":[{"embeddable":true,"href":"http:\/\/www.lucie-lom.fr\/site\/wp-json\/wp\/v2\/comments?post=2485"}],"version-history":[{"count":3,"href":"http:\/\/www.lucie-lom.fr\/site\/wp-json\/wp\/v2\/pages\/2485\/revisions"}],"predecessor-version":[{"id":2491,"href":"http:\/\/www.lucie-lom.fr\/site\/wp-json\/wp\/v2\/pages\/2485\/revisions\/2491"}],"wp:attachment":[{"href":"http:\/\/www.lucie-lom.fr\/site\/wp-json\/wp\/v2\/media?parent=2485"}],"curies":[{"name":"wp","href":"https:\/\/api.w.org\/{rel}","templated":true}]}}