{"id":2191,"date":"2017-04-18T16:57:03","date_gmt":"2017-04-18T14:57:03","guid":{"rendered":"http:\/\/www.lucie-lom.fr\/site\/?page_id=2191"},"modified":"2017-10-17T17:20:23","modified_gmt":"2017-10-17T15:20:23","slug":"s-e-n-s","status":"publish","type":"page","link":"http:\/\/www.lucie-lom.fr\/site\/s-e-n-s\/","title":{"rendered":"S.E.N.S"},"content":{"rendered":"<p>&nbsp;<\/p>\n<p>&nbsp;<\/p>\n<p>&nbsp;<\/p>\n<p>&nbsp;<\/p>\n<p>&nbsp;<\/p>\n<p><strong>S.E.N.S.<\/strong> \u2013 Carte blanche \u00e0 Marc-Antoine Mathieu\u00a0 \u2013 LIFE \/ Saint-Nazaire \u2013 du 21 mai au 11 octobre 2015<\/p>\n<p>\u00c0 l\u2019occasion de cette carte blanche, Marc-Antoine Mathieu propose une installation, au sein de la base des sous-marins de Saint-Nazaire,<br \/>\ninspir\u00e9e de son dernier ouvrage S.E.N.S., paru aux \u00e9ditions Delcourt fin 2014, dans lequel il raconte les p\u00e9r\u00e9grinations et le destin<br \/>\nd\u2019un marcheur anonyme aux prises avec l\u2019absurdit\u00e9 de l\u2019existence.<br \/>\nCe r\u00e9cit en forme d\u2019errance est un essai d\u2019aventure po\u00e9tique qui se d\u00e9roule dans un paysage \u00e9pur\u00e9. Sur les traces d\u2019un personnage ayant<br \/>\npour seul guide l\u2019horizon, les visiteurs de l\u2019exposition deviennent eux-aussi des h\u00e9ros qui s\u2019\u00e9garent de questions en non-r\u00e9ponses.<br \/>\nL\u2019espace profond et sans limite du LiFE se r\u00e9v\u00e8le alors riche en surgissements tout proches aussi incertains qu\u2019al\u00e9atoires.<br \/>\nAu fil de cette balade contemplative et vertigineuse, face \u00e0 l\u2019immensit\u00e9 du monde et \u00e0 l\u2019in\ufb01nit\u00e9 des possibles, plane doucement<br \/>\nl\u2019\u00e2me du labyrinthe. Une exp\u00e9rience spatio-temporelle \u00e0 vivre intens\u00e9ment.<\/p>\n<p><a href=\"http:\/\/www.lucie-lom.fr\/site\/wp-content\/uploads\/2015\/04\/dessin-presse-2basdef2.jpg\"><img loading=\"lazy\" decoding=\"async\" class=\"alignnone size-full wp-image-1634\" src=\"http:\/\/www.lucie-lom.fr\/site\/wp-content\/uploads\/2015\/04\/dessin-presse-2basdef2.jpg\" alt=\"dessin-presse-2basdef2\" width=\"900\" height=\"268\" srcset=\"http:\/\/www.lucie-lom.fr\/site\/wp-content\/uploads\/2015\/04\/dessin-presse-2basdef2.jpg 900w, http:\/\/www.lucie-lom.fr\/site\/wp-content\/uploads\/2015\/04\/dessin-presse-2basdef2-300x89.jpg 300w, http:\/\/www.lucie-lom.fr\/site\/wp-content\/uploads\/2015\/04\/dessin-presse-2basdef2-500x148.jpg 500w\" sizes=\"auto, (max-width: 900px) 100vw, 900px\" \/><\/a> <a href=\"http:\/\/www.lucie-lom.fr\/site\/wp-content\/uploads\/2015\/04\/MAM-AFFICHEbasdef.jpg\"><img loading=\"lazy\" decoding=\"async\" class=\"alignnone size-full wp-image-1628\" src=\"http:\/\/www.lucie-lom.fr\/site\/wp-content\/uploads\/2015\/04\/MAM-AFFICHEbasdef.jpg\" alt=\"MAM6\" width=\"900\" height=\"1350\" srcset=\"http:\/\/www.lucie-lom.fr\/site\/wp-content\/uploads\/2015\/04\/MAM-AFFICHEbasdef.jpg 900w, http:\/\/www.lucie-lom.fr\/site\/wp-content\/uploads\/2015\/04\/MAM-AFFICHEbasdef-200x300.jpg 200w, http:\/\/www.lucie-lom.fr\/site\/wp-content\/uploads\/2015\/04\/MAM-AFFICHEbasdef-682x1024.jpg 682w\" sizes=\"auto, (max-width: 900px) 100vw, 900px\" \/><\/a> <a href=\"http:\/\/www.lucie-lom.fr\/site\/wp-content\/uploads\/2015\/04\/dessin-presse-4basdef.jpg\"><img loading=\"lazy\" decoding=\"async\" class=\"alignnone size-full wp-image-1626\" src=\"http:\/\/www.lucie-lom.fr\/site\/wp-content\/uploads\/2015\/04\/dessin-presse-4basdef.jpg\" alt=\"006_Le_Sens.TIF.TIF\" width=\"900\" height=\"600\" srcset=\"http:\/\/www.lucie-lom.fr\/site\/wp-content\/uploads\/2015\/04\/dessin-presse-4basdef.jpg 900w, http:\/\/www.lucie-lom.fr\/site\/wp-content\/uploads\/2015\/04\/dessin-presse-4basdef-300x200.jpg 300w, http:\/\/www.lucie-lom.fr\/site\/wp-content\/uploads\/2015\/04\/dessin-presse-4basdef-450x300.jpg 450w\" sizes=\"auto, (max-width: 900px) 100vw, 900px\" \/><\/a><\/p>\n<p><em>Dessins : Marc-Antoine Mathieu \/ Graphisme de l&rsquo;affiche : Ronan Le R\u00e9gent &#8211; InformationCare<\/em><\/p>\n<p style=\"text-align: left;\"><iframe loading=\"lazy\" src=\"https:\/\/player.vimeo.com\/video\/134090308?title=0&amp;byline=0&amp;portrait=0\" width=\"900\" height=\"506\" frameborder=\"0\" allowfullscreen=\"allowfullscreen\"><\/iframe><\/p>\n<p>&nbsp;<\/p>\n<p><span style=\"border-radius: 2px; text-indent: 20px; width: auto; padding: 0px 4px 0px 0px; text-align: center; font: bold 11px\/20px 'Helvetica Neue',Helvetica,sans-serif; color: #ffffff; background: #bd081c no-repeat scroll 3px 50% \/ 14px 14px; position: absolute; opacity: 1; z-index: 8675309; display: none; cursor: pointer;\">Enregistrer<\/span><\/p>\n<p><span style=\"border-radius: 2px; text-indent: 20px; width: auto; padding: 0px 4px 0px 0px; text-align: center; font: bold 11px\/20px 'Helvetica Neue',Helvetica,sans-serif; color: #ffffff; background: #bd081c no-repeat scroll 3px 50% \/ 14px 14px; position: absolute; opacity: 1; z-index: 8675309; display: none; cursor: pointer;\">Enregistrer<\/span><\/p>\n<p><span style=\"border-radius: 2px; text-indent: 20px; width: auto; padding: 0px 4px 0px 0px; text-align: center; font: bold 11px\/20px 'Helvetica Neue',Helvetica,sans-serif; color: #ffffff; background: #bd081c  no-repeat scroll 3px 50% \/ 14px 14px; position: absolute; opacity: 1; z-index: 8675309; display: none; cursor: pointer; top: 920px; left: 20px;\">Enregistrer<\/span><\/p>\n","protected":false},"excerpt":{"rendered":"<p>&nbsp; &nbsp; &nbsp; &nbsp; &nbsp; S.E.N.S. \u2013 Carte blanche \u00e0 Marc-Antoine Mathieu\u00a0 \u2013 LIFE \/ Saint-Nazaire \u2013 du 21 mai au 11 octobre 2015 \u00c0 l\u2019occasion de cette carte blanche, Marc-Antoine Mathieu propose une installation, au sein de la base &hellip; <a href=\"http:\/\/www.lucie-lom.fr\/site\/s-e-n-s\/\">Lire la suite <span class=\"meta-nav\">&rarr;<\/span><\/a><\/p>\n","protected":false},"author":1,"featured_media":0,"parent":0,"menu_order":0,"comment_status":"closed","ping_status":"closed","template":"","meta":{"footnotes":""},"class_list":["post-2191","page","type-page","status-publish","hentry"],"_links":{"self":[{"href":"http:\/\/www.lucie-lom.fr\/site\/wp-json\/wp\/v2\/pages\/2191","targetHints":{"allow":["GET"]}}],"collection":[{"href":"http:\/\/www.lucie-lom.fr\/site\/wp-json\/wp\/v2\/pages"}],"about":[{"href":"http:\/\/www.lucie-lom.fr\/site\/wp-json\/wp\/v2\/types\/page"}],"author":[{"embeddable":true,"href":"http:\/\/www.lucie-lom.fr\/site\/wp-json\/wp\/v2\/users\/1"}],"replies":[{"embeddable":true,"href":"http:\/\/www.lucie-lom.fr\/site\/wp-json\/wp\/v2\/comments?post=2191"}],"version-history":[{"count":6,"href":"http:\/\/www.lucie-lom.fr\/site\/wp-json\/wp\/v2\/pages\/2191\/revisions"}],"predecessor-version":[{"id":2197,"href":"http:\/\/www.lucie-lom.fr\/site\/wp-json\/wp\/v2\/pages\/2191\/revisions\/2197"}],"wp:attachment":[{"href":"http:\/\/www.lucie-lom.fr\/site\/wp-json\/wp\/v2\/media?parent=2191"}],"curies":[{"name":"wp","href":"https:\/\/api.w.org\/{rel}","templated":true}]}}