{"id":2123,"date":"2017-02-21T11:04:54","date_gmt":"2017-02-21T10:04:54","guid":{"rendered":"http:\/\/www.lucie-lom.fr\/site\/?page_id=2123"},"modified":"2017-10-17T17:11:46","modified_gmt":"2017-10-17T15:11:46","slug":"will-eisner","status":"publish","type":"page","link":"http:\/\/www.lucie-lom.fr\/site\/will-eisner\/","title":{"rendered":"Will Eisner"},"content":{"rendered":"<p>&nbsp;<\/p>\n<p>&nbsp;<\/p>\n<p>&nbsp;<\/p>\n<p>&nbsp;<\/p>\n<p><strong>WILL EISNER<\/strong> \u2013 Cit\u00e9 de la bande dessin\u00e9e et de l&rsquo;image \u2013 Festival international de la bande dessin\u00e9e d&rsquo;Angoul\u00eame\u00a0 2017 \u2013<\/p>\n<p>Foisonnante tant du point de vue sc\u00e9naristique que visuelle, l\u2019oeuvre d\u2019Eisner rayonne encore et toujours. Signe qu\u2019il \u00e9tait et reste un pr\u00e9curseur, un inventeur. Son graphisme r\u00e9aliste, certains diront classique, cache une originalit\u00e9 tous azimuts au service d\u2019un vrai regard sur le monde.<br \/>\nEisner est n\u00e9 dans la ville, c\u2019est son territoire ; Il en fera le d\u00e9cor de ses cr\u00e9ations. Il est, par excellence, l\u2019auteur urbain. Il conna\u00eet par coeur les codes de la ville, ses usages, sa photog\u00e9nie, ses attraits et ses peurs et par-dessus tout son formidable potentiel dramaturgique.\u00a0Notre sc\u00e9nographie convie le public \u00e0 une promenade urbaine. La lumi\u00e8re et les sons contribuent grandement \u00e0 cette mise en sc\u00e8ne. Le r\u00e9alisme des docks initiaux c\u00e8de progressivement la place \u00e0 une ville plus stylis\u00e9e o\u00f9 d\u00e9ambule le Spirit. Pour sugg\u00e9rer l\u2019\u00e9tendue et la forte empreinte de cette ville, nous la \u00abb\u00e2tirons\u00bb selon une fausse perspective r\u00e9duisant la taille des blocs du fond et nous appuyant sur l\u2019effet panoramique d\u2019un agrandissement d\u2019une silhouette de ville dessin\u00e9e par Eisner.\u00a0 Jouant de la confusion entre volumes r\u00e9els et volumes dessin\u00e9s, ombres peintes et ombres r\u00e9elles, ombres du public et ombres des personnages, on entraine le visiteur au c\u0153ur des cases du Spirit.<\/p>\n<p>L&rsquo;exposition est \u00e0 voir au Mus\u00e9e de la bande dessin\u00e9e et de l&rsquo;image jusqu&rsquo;en octobre 2017.<\/p>\n<p>&nbsp;<\/p>\n<p><img loading=\"lazy\" decoding=\"async\" class=\"alignnone size-full wp-image-2105\" src=\"http:\/\/www.lucie-lom.fr\/site\/wp-content\/uploads\/2017\/02\/DSC03907.jpg\" alt=\"DSC03907\" width=\"900\" height=\"675\" srcset=\"http:\/\/www.lucie-lom.fr\/site\/wp-content\/uploads\/2017\/02\/DSC03907.jpg 900w, http:\/\/www.lucie-lom.fr\/site\/wp-content\/uploads\/2017\/02\/DSC03907-300x225.jpg 300w, http:\/\/www.lucie-lom.fr\/site\/wp-content\/uploads\/2017\/02\/DSC03907-768x576.jpg 768w, http:\/\/www.lucie-lom.fr\/site\/wp-content\/uploads\/2017\/02\/DSC03907-400x300.jpg 400w\" sizes=\"auto, (max-width: 900px) 100vw, 900px\" \/> <img loading=\"lazy\" decoding=\"async\" class=\"alignnone size-full wp-image-2112\" src=\"http:\/\/www.lucie-lom.fr\/site\/wp-content\/uploads\/2017\/02\/sce\u0300ne-de-crime.jpg\" alt=\"sce\u0300ne de crime\" width=\"900\" height=\"675\" srcset=\"http:\/\/www.lucie-lom.fr\/site\/wp-content\/uploads\/2017\/02\/sce\u0300ne-de-crime.jpg 900w, http:\/\/www.lucie-lom.fr\/site\/wp-content\/uploads\/2017\/02\/sce\u0300ne-de-crime-300x225.jpg 300w, http:\/\/www.lucie-lom.fr\/site\/wp-content\/uploads\/2017\/02\/sce\u0300ne-de-crime-768x576.jpg 768w, http:\/\/www.lucie-lom.fr\/site\/wp-content\/uploads\/2017\/02\/sce\u0300ne-de-crime-400x300.jpg 400w\" sizes=\"auto, (max-width: 900px) 100vw, 900px\" \/> <img loading=\"lazy\" decoding=\"async\" class=\"alignnone size-full wp-image-2104\" src=\"http:\/\/www.lucie-lom.fr\/site\/wp-content\/uploads\/2017\/02\/DSC03884.jpg\" alt=\"DSC03884\" width=\"900\" height=\"559\" srcset=\"http:\/\/www.lucie-lom.fr\/site\/wp-content\/uploads\/2017\/02\/DSC03884.jpg 900w, http:\/\/www.lucie-lom.fr\/site\/wp-content\/uploads\/2017\/02\/DSC03884-300x186.jpg 300w, http:\/\/www.lucie-lom.fr\/site\/wp-content\/uploads\/2017\/02\/DSC03884-768x477.jpg 768w, http:\/\/www.lucie-lom.fr\/site\/wp-content\/uploads\/2017\/02\/DSC03884-483x300.jpg 483w\" sizes=\"auto, (max-width: 900px) 100vw, 900px\" \/><\/p>\n<p><span style=\"border-radius: 2px; text-indent: 20px; width: auto; padding: 0px 4px 0px 0px; text-align: center; font: bold 11px\/20px 'Helvetica Neue',Helvetica,sans-serif; color: #ffffff; background: #bd081c no-repeat scroll 3px 50% \/ 14px 14px; position: absolute; opacity: 1; z-index: 8675309; display: none; cursor: pointer;\">Enregistrer<\/span><\/p>\n<p><span style=\"border-radius: 2px; text-indent: 20px; width: auto; padding: 0px 4px 0px 0px; text-align: center; font: bold 11px\/20px 'Helvetica Neue',Helvetica,sans-serif; color: #ffffff; background: #bd081c no-repeat scroll 3px 50% \/ 14px 14px; position: absolute; opacity: 1; z-index: 8675309; display: none; cursor: pointer;\">Enregistrer<\/span><\/p>\n<p><span style=\"border-radius: 2px; text-indent: 20px; width: auto; padding: 0px 4px 0px 0px; text-align: center; font: bold 11px\/20px 'Helvetica Neue',Helvetica,sans-serif; color: #ffffff; background: #bd081c no-repeat scroll 3px 50% \/ 14px 14px; position: absolute; opacity: 1; z-index: 8675309; display: none; cursor: pointer; top: 675px; left: 20px;\">Enregistrer<\/span><\/p>\n<p><span style=\"border-radius: 2px; text-indent: 20px; width: auto; padding: 0px 4px 0px 0px; text-align: center; font: bold 11px\/20px 'Helvetica Neue',Helvetica,sans-serif; color: #ffffff; background: #bd081c no-repeat scroll 3px 50% \/ 14px 14px; position: absolute; opacity: 1; z-index: 8675309; display: none; cursor: pointer;\">Enregistrer<\/span><\/p>\n<p><span style=\"border-radius: 2px; text-indent: 20px; width: auto; padding: 0px 4px 0px 0px; text-align: center; font: bold 11px\/20px 'Helvetica Neue',Helvetica,sans-serif; color: #ffffff; background: #bd081c no-repeat scroll 3px 50% \/ 14px 14px; position: absolute; opacity: 1; z-index: 8675309; display: none; cursor: pointer; top: 773px; left: 20px;\">Enregistrer<\/span><\/p>\n<p><span style=\"border-radius: 2px; text-indent: 20px; width: auto; padding: 0px 4px 0px 0px; text-align: center; font: bold 11px\/20px 'Helvetica Neue',Helvetica,sans-serif; color: #ffffff; background: #bd081c no-repeat scroll 3px 50% \/ 14px 14px; position: absolute; opacity: 1; z-index: 8675309; display: none; cursor: pointer;\">Enregistrer<\/span><\/p>\n<p><span style=\"border-radius: 2px; text-indent: 20px; width: auto; padding: 0px 4px 0px 0px; text-align: center; font: bold 11px\/20px 'Helvetica Neue',Helvetica,sans-serif; color: #ffffff; background: #bd081c no-repeat scroll 3px 50% \/ 14px 14px; position: absolute; opacity: 1; z-index: 8675309; display: none; cursor: pointer;\">Enregistrer<\/span><\/p>\n<p><span style=\"border-radius: 2px; text-indent: 20px; width: auto; padding: 0px 4px 0px 0px; text-align: center; font: bold 11px\/20px 'Helvetica Neue',Helvetica,sans-serif; color: #ffffff; background: #bd081c  no-repeat scroll 3px 50% \/ 14px 14px; position: absolute; opacity: 1; z-index: 8675309; display: none; cursor: pointer; top: 1275px; left: 20px;\">Enregistrer<\/span><\/p>\n","protected":false},"excerpt":{"rendered":"<p>&nbsp; &nbsp; &nbsp; &nbsp; WILL EISNER \u2013 Cit\u00e9 de la bande dessin\u00e9e et de l&rsquo;image \u2013 Festival international de la bande dessin\u00e9e d&rsquo;Angoul\u00eame\u00a0 2017 \u2013 Foisonnante tant du point de vue sc\u00e9naristique que visuelle, l\u2019oeuvre d\u2019Eisner rayonne encore et toujours. &hellip; <a href=\"http:\/\/www.lucie-lom.fr\/site\/will-eisner\/\">Lire la suite <span class=\"meta-nav\">&rarr;<\/span><\/a><\/p>\n","protected":false},"author":1,"featured_media":0,"parent":0,"menu_order":0,"comment_status":"closed","ping_status":"closed","template":"","meta":{"footnotes":""},"class_list":["post-2123","page","type-page","status-publish","hentry"],"_links":{"self":[{"href":"http:\/\/www.lucie-lom.fr\/site\/wp-json\/wp\/v2\/pages\/2123","targetHints":{"allow":["GET"]}}],"collection":[{"href":"http:\/\/www.lucie-lom.fr\/site\/wp-json\/wp\/v2\/pages"}],"about":[{"href":"http:\/\/www.lucie-lom.fr\/site\/wp-json\/wp\/v2\/types\/page"}],"author":[{"embeddable":true,"href":"http:\/\/www.lucie-lom.fr\/site\/wp-json\/wp\/v2\/users\/1"}],"replies":[{"embeddable":true,"href":"http:\/\/www.lucie-lom.fr\/site\/wp-json\/wp\/v2\/comments?post=2123"}],"version-history":[{"count":10,"href":"http:\/\/www.lucie-lom.fr\/site\/wp-json\/wp\/v2\/pages\/2123\/revisions"}],"predecessor-version":[{"id":2259,"href":"http:\/\/www.lucie-lom.fr\/site\/wp-json\/wp\/v2\/pages\/2123\/revisions\/2259"}],"wp:attachment":[{"href":"http:\/\/www.lucie-lom.fr\/site\/wp-json\/wp\/v2\/media?parent=2123"}],"curies":[{"name":"wp","href":"https:\/\/api.w.org\/{rel}","templated":true}]}}